{"id":143,"date":"2017-07-03T13:38:22","date_gmt":"2017-07-03T11:38:22","guid":{"rendered":"http:\/\/viviscum.ch\/?page_id=143"},"modified":"2017-07-03T13:40:19","modified_gmt":"2017-07-03T11:40:19","slug":"osteopathie","status":"publish","type":"page","link":"https:\/\/viviscum.ch\/index.php\/osteopathie\/","title":{"rendered":"Ost\u00e9opathie"},"content":{"rendered":"<p>L&rsquo;ost\u00e9opathie&#8230;<\/p>\n<ol style=\"margin-left:3em;\">\n<li>est l&rsquo;art de soigner manuellement les d\u00e9s\u00e9quilibres m\u00e9caniques du corps afin de stimuler ses capacit\u00e9s d&rsquo;auto-gu\u00e9rison<\/li>\n<li>a pour but d&rsquo;int\u00e9grer les sympt\u00f4mes dans la globalit\u00e9 du patient en consid\u00e9rant les niveaux osseux, articulaires, musculo-tendineux, visc\u00e9raux, cr\u00e2niens, nerveux, vasculaires et psycho-\u00e9motionnels.<\/li>\n<li>cherche \u00e0 pr\u00e9venir, diagnostiquer et traiter les pertes de mobilit\u00e9 des tissus afin d&rsquo;am\u00e9liorer leur fonction et de permettre au corps de bien vivre face aux contraintes qu&rsquo;il rencontre au quotidien.<\/li>\n<\/ol>\n","protected":false},"excerpt":{"rendered":"<p>L&rsquo;ost\u00e9opathie&#8230; est l&rsquo;art de soigner manuellement les d\u00e9s\u00e9quilibres m\u00e9caniques du corps afin de stimuler ses capacit\u00e9s d&rsquo;auto-gu\u00e9rison a pour but d&rsquo;int\u00e9grer les sympt\u00f4mes dans la globalit\u00e9 du patient en consid\u00e9rant les niveaux osseux, articulaires, musculo-tendineux, visc\u00e9raux, cr\u00e2niens, nerveux, vasculaires et psycho-\u00e9motionnels. cherche \u00e0 pr\u00e9venir, diagnostiquer et traiter les pertes de mobilit\u00e9 des tissus afin d&rsquo;am\u00e9liorer &hellip; <\/p>\n<p class=\"link-more\"><a href=\"https:\/\/viviscum.ch\/index.php\/osteopathie\/\" class=\"more-link\">Continuer la lecture<span class=\"screen-reader-text\"> de &laquo;&nbsp;Ost\u00e9opathie&nbsp;&raquo;<\/span><\/a><\/p>\n","protected":false},"author":1,"featured_media":0,"parent":0,"menu_order":0,"comment_status":"closed","ping_status":"closed","template":"","meta":[],"_links":{"self":[{"href":"https:\/\/viviscum.ch\/index.php\/wp-json\/wp\/v2\/pages\/143"}],"collection":[{"href":"https:\/\/viviscum.ch\/index.php\/wp-json\/wp\/v2\/pages"}],"about":[{"href":"https:\/\/viviscum.ch\/index.php\/wp-json\/wp\/v2\/types\/page"}],"author":[{"embeddable":true,"href":"https:\/\/viviscum.ch\/index.php\/wp-json\/wp\/v2\/users\/1"}],"replies":[{"embeddable":true,"href":"https:\/\/viviscum.ch\/index.php\/wp-json\/wp\/v2\/comments?post=143"}],"version-history":[{"count":3,"href":"https:\/\/viviscum.ch\/index.php\/wp-json\/wp\/v2\/pages\/143\/revisions"}],"predecessor-version":[{"id":147,"href":"https:\/\/viviscum.ch\/index.php\/wp-json\/wp\/v2\/pages\/143\/revisions\/147"}],"wp:attachment":[{"href":"https:\/\/viviscum.ch\/index.php\/wp-json\/wp\/v2\/media?parent=143"}],"curies":[{"name":"wp","href":"https:\/\/api.w.org\/{rel}","templated":true}]}}