{"id":24,"date":"2017-02-18T13:34:52","date_gmt":"2017-02-18T12:34:52","guid":{"rendered":"http:\/\/viviscum.riv21.com\/?page_id=24"},"modified":"2017-02-18T15:58:56","modified_gmt":"2017-02-18T14:58:56","slug":"les-medecins","status":"publish","type":"page","link":"https:\/\/viviscum.ch\/index.php\/les-medecins\/","title":{"rendered":"M\u00e9decins"},"content":{"rendered":"<p>Un groupe de m\u00e9decins, passionn\u00e9s par une approche globale de l&rsquo;individu, ont d\u00e9cid\u00e9 de se r\u00e9unir pour travailler ensemble dans un Centre d\u00e9di\u00e9 \u00e0 la m\u00e9decine int\u00e9grative et \u00e0 la m\u00e9decine anthroposophique.<\/p>\n","protected":false},"excerpt":{"rendered":"<p>Un groupe de m\u00e9decins, passionn\u00e9s par une approche globale de l&rsquo;individu, ont d\u00e9cid\u00e9 de se r\u00e9unir pour travailler ensemble dans un Centre d\u00e9di\u00e9 \u00e0 la m\u00e9decine int\u00e9grative et \u00e0 la m\u00e9decine anthroposophique.<\/p>\n","protected":false},"author":1,"featured_media":0,"parent":0,"menu_order":0,"comment_status":"closed","ping_status":"closed","template":"","meta":[],"_links":{"self":[{"href":"https:\/\/viviscum.ch\/index.php\/wp-json\/wp\/v2\/pages\/24"}],"collection":[{"href":"https:\/\/viviscum.ch\/index.php\/wp-json\/wp\/v2\/pages"}],"about":[{"href":"https:\/\/viviscum.ch\/index.php\/wp-json\/wp\/v2\/types\/page"}],"author":[{"embeddable":true,"href":"https:\/\/viviscum.ch\/index.php\/wp-json\/wp\/v2\/users\/1"}],"replies":[{"embeddable":true,"href":"https:\/\/viviscum.ch\/index.php\/wp-json\/wp\/v2\/comments?post=24"}],"version-history":[{"count":2,"href":"https:\/\/viviscum.ch\/index.php\/wp-json\/wp\/v2\/pages\/24\/revisions"}],"predecessor-version":[{"id":108,"href":"https:\/\/viviscum.ch\/index.php\/wp-json\/wp\/v2\/pages\/24\/revisions\/108"}],"wp:attachment":[{"href":"https:\/\/viviscum.ch\/index.php\/wp-json\/wp\/v2\/media?parent=24"}],"curies":[{"name":"wp","href":"https:\/\/api.w.org\/{rel}","templated":true}]}}